at are the prime factors of 187544?
2, 7, 17, 197
List the prime factors of 8222586.
2, 3, 1370431
What are the prime factors of 454253?
454253
List the prime factors of 4876982.
2, 11, 31, 7151
List the prime factors of 488016.
2, 3, 3389
List the prime factors of 5013315.
3, 5, 37, 3011
What are the prime factors of 17828243?
23, 29, 26729
What are the prime factors of 91260?
2, 3, 5, 13
What are the prime factors of 153122?
2, 76561
What are the prime factors of 465421?
11, 29, 1459
List the prime factors of 368465.
5, 73693
What are the prime factors of 105416?
2, 13177
What are the prime factors of 161661?
3, 53887
List the prime factors of 1051391.
11, 95581
What are the prime factors of 6142792?
2, 761, 1009
What are the prime factors of 266218?
2, 133109
List the prime factors of 83688.
2, 3, 11, 317
What are the prime factors of 531223?
7, 11, 6899
List the prime factors of 6792737.
7, 970391
List the prime factors of 184398.
2, 3, 73, 421
What are the prime factors of 46241?
13, 3557
What are the prime factors of 2759283?
3, 306587
What are the prime factors of 2135812?
2, 7, 17, 641
List the prime factors of 1238167.
7, 79, 2239
List the prime factors of 4728318.
2, 3, 7, 103, 1093
List the prime factors of 708463.
7, 101209
What are the prime factors of 683551?
11, 62141
List the prime factors of 11832420.
2, 3, 5, 197207
What are the prime factors of 31094?
2, 7, 2221
What are the prime factors of 17317783?
7, 1123, 2203
List the prime factors of 41532.
2, 3, 3461
List the prime factors of 4528432.
2, 283027
What are the prime factors of 29694773?
29694773
What are the prime factors of 283603?
53, 5351
List the prime factors of 336076.
2, 13, 23, 281
List the prime factors of 272811.
3, 7, 11, 1181
What are the prime factors of 320921?
61, 5261
List the prime factors of 20027.
7, 2861
What are the prime factors of 300335?
5, 7, 8581
List the prime factors of 10217372.
2, 11, 73, 3181
What are the prime factors of 125377?
7, 17911
What are the prime factors of 462630?
2, 3, 5, 7, 2203
List the prime factors of 74969.
61, 1229
What are the prime factors of 11032425?
3, 5, 49033
What are the prime factors of 321807?
3, 107269
List the prime factors of 11342790.
2, 3, 5, 126031
List the prime factors of 1382634.
2, 3, 11, 6983
What are the prime factors of 132092?
2, 33023
What are the prime factors of 20732167?
619, 33493
List the prime factors of 412637.
412637
List the prime factors of 4276125.
3, 5, 7, 181
What are the prime factors of 336930?
2, 3, 5, 11, 1021
What are the prime factors of 25811712?
2, 3, 17, 659
What are the prime factors of 345465?
3, 5, 853
What are the prime factors of 138689?
331, 419
List the prime factors of 769936.
2, 48121
List the prime factors of 4414715.
5, 882943
What are the prime factors of 803796?
2, 3, 7, 1367
What are the prime factors of 650298?
2, 3, 11, 59, 167
List the prime factors of 3311088.
2, 3, 11, 6271
What are the prime factors of 453810?
2, 3, 5, 7, 2161
What are the prime factors of 1421133?
3, 7, 31, 37, 59
List the prime factors of 2487533.
29, 31, 2767
List the prime factors of 481359.
3, 160453
What are the prime factors of 7845728?
2, 11, 31, 719
What are the prime factors of 1929881?
433, 4457
List the prime factors of 166058.
2, 79, 1051
What are the prime factors of 7545725?
5, 11, 23, 1193
What are the prime factors of 948871?
7, 11, 12323
What are the prime factors of 10248992?
2, 13, 71, 347
What are the prime factors of 166339?
181, 919
List the prime factors of 4402487.
631, 6977
What are the prime factors of 165276?
2, 3, 4591
What are the prime factors of 4930656?
2, 3, 51361
List the prime factors of 6033816.
2, 3, 181, 463
List the prime factors of 6266248.
2, 397, 1973
List the prime factors of 541806.
2, 3, 73, 1237
List the prime factors of 450284.
2, 112571
List the prime factors of 5158678.
2, 7, 149, 2473
List the prime factors of 644824.
2, 80603
List the prime factors of 5120527.
241, 21247
List the prime factors of 412294.
2, 211, 977
What are the prime factors of 19989822?
2, 3, 61, 54617
What are the prime factors of 12594214?
2, 47, 133981
What are the prime factors of 12848676?
2, 3, 823, 1301
List the prime factors of 103226.
2, 51613
What are the prime factors of 1601106?
2, 3, 13, 1579
What are the prime factors of 6110361?
3, 17, 39937
What are the prime factors of 300105?
3, 5, 13, 19
What are the prime factors of 567378?
2, 3, 7, 19, 79
What are the prime factors of 34042?
2, 17021
What are the prime factors of 501960?
2, 3, 5, 47, 89
List the prime factors of 762224.
2, 47639
List the prime factors of 1577729.
1577729
List the prime factors of 8885790.
2, 3, 5, 98731
What are the prime factors of 1486905?
3, 5, 7, 17
What are the prime factors of 689101?
7, 98443
What are the prime factors of 2271561?
3, 43, 17609
What are the prime factors of 289882?
2, 144941
What are the prime factors of 860483?
13, 66191
List the prime factors of 6458968.
2, 807371
List the prime factors of 17286522.
2, 3, 11, 261917
What are the prime factors of 1982744?
2, 17, 61, 239
What are the prime factors of 10620150?
2, 3, 5, 101, 701
What are the prime factors of 11713617?
3, 509, 2557
What are the prime factors of 259765?
5, 11, 4723
What are the prime factors of 28225151?
17, 137, 12119
What are the prime factors of 983646?
2, 3, 54647
List the prime factors of 55755.
3, 5, 7, 59
What are the prime factors of 3593619?
3, 133097
What are the prime factors of 5880628?
2, 13, 113089
List the prime factors of 371058.
2, 3, 61843
What are the prime factors of 338015?
5, 67, 1009
List the prime factors of 2248427.
43, 52289
List the prime factors of 285185.
5, 57037
List the prime factors of 24286.
2, 12143
What are the prime factors of 1659901?
131, 12671
List the prime factors of 245116.
2, 233, 263
List the prime factors of 33917374.
2, 16958687
List the prime factors of 27643625.
5, 37, 43, 139
What are the prime factors of 4498580?
2, 5, 224929
What are the prime factors of 19609643?
19609643
What are the prime factors of 15094488?
2, 3, 628937
What are the prime factors of 3287282?
2, 1643641
List the prime factors of 392027.
19, 47, 439
List the prime factors of 631953.
3, 7, 1433
List the prime factors of 25938573.
3, 2213, 3907
List the prime factors of 893596.
2, 11, 23, 883
What are the prime factors of 9943450?
2, 5, 11, 101, 179
List the prime factors of 5976710.
2, 5, 597671
List the prime factors of 534072.
2, 3, 7, 11, 17
List the prime factors of 92431.
92431
List the prime factors of 1838056.
2, 11, 20887
What are the prime factors of 153108?
2, 3, 4253
What are the prime factors of 24433557?
3, 103, 107, 739
What are the prime factors of 1305819?
3, 145091
What are the prime factors of 397432?
2, 7, 47, 151
List the prime factors of 1937996.
2, 31, 15629
What are the prime factors of 133290?
2, 3, 5, 1481
List the prime factors of 2324101.
13, 31, 73, 79
What are the prime factors of 3356897?
31, 108287
List the prime factors of 1920115.
5, 37, 97, 107
What are the prime factors of 8879629?
11, 43, 18773
What are the prime factors of 27189?
3, 19, 53
What are the prime factors of 1707917?
43, 39719
What are the prime factors of 6862851?
3, 762539
List the prime factors of 3686127.
3, 17, 72277
What are the prime factors of 582679?
97, 6007
List the prime factors of 348627.
3, 79, 1471
What are the prime factors of 1992390?
2, 3, 5, 66413
List the prime factors of 286368.
2, 3, 19, 157
List the prime factors of 71502.
2, 3, 17, 701
List the prime factors of 1146239.
877, 1307
List the prime factors of 13018796.
2, 7, 29, 16033
List the prime factors of 18329448.
2, 3, 367, 2081
List the prime factors of 4764652.
2, 1191163
List the prime factors of 158039.
7, 107, 211
List the prime factors of 632971.
632971
List the prime factors of 297531.
3, 13, 2543
List the prime factors of 43573.
43573
List the prime factors of 7171603.
17, 157, 2687
What are the prime factors of 5988289?
5988289
List the prime factors of 1340235.
3, 5, 13, 29, 79
List the prime factors of 277889.
277889
List the prime factors of 200200.
2, 5, 7, 11, 13
What are the prime factors of 178928?
2, 53, 211
List the prime factors of 211984.
2, 13249
List the prime factors of 1035